{"id":1946,"date":"2022-11-23T14:16:22","date_gmt":"2022-11-23T14:16:22","guid":{"rendered":"https:\/\/iesanta.edu.pe\/portal\/?page_id=1946"},"modified":"2022-12-09T10:00:18","modified_gmt":"2022-12-09T15:00:18","slug":"areas-y-unidades","status":"publish","type":"page","link":"https:\/\/iestpyunguyo.edu.pe\/portal\/areas-y-unidades\/","title":{"rendered":"\u00c1reas y Unidades"},"content":{"rendered":"\t\t<div data-elementor-type=\"wp-page\" data-elementor-id=\"1946\" class=\"elementor elementor-1946\">\n\t\t\t\t\t\t\t\t\t<section class=\"elementor-section elementor-top-section elementor-element elementor-element-dd1cbf1 elementor-section-stretched elementor-section-boxed elementor-section-height-default elementor-section-height-default\" data-id=\"dd1cbf1\" data-element_type=\"section\" data-settings=\"{&quot;stretch_section&quot;:&quot;section-stretched&quot;}\">\n\t\t\t\t\t\t<div class=\"elementor-container elementor-column-gap-default\">\n\t\t\t\t\t<div class=\"elementor-column elementor-col-50 elementor-top-column elementor-element elementor-element-6566a88\" data-id=\"6566a88\" data-element_type=\"column\">\n\t\t\t<div class=\"elementor-widget-wrap elementor-element-populated\">\n\t\t\t\t\t\t\t\t<div class=\"elementor-element elementor-element-569b099 elementor-widget elementor-widget-image\" data-id=\"569b099\" data-element_type=\"widget\" data-widget_type=\"image.default\">\n\t\t\t\t<div class=\"elementor-widget-container\">\n\t\t\t<style>\/*! elementor - v3.9.2 - 21-12-2022 *\/\n.elementor-widget-image{text-align:center}.elementor-widget-image a{display:inline-block}.elementor-widget-image a img[src$=\".svg\"]{width:48px}.elementor-widget-image img{vertical-align:middle;display:inline-block}<\/style>\t\t\t\t\t\t\t\t\t\t\t\t<img loading=\"lazy\" decoding=\"async\" width=\"1024\" height=\"576\" src=\"https:\/\/iestpyunguyo.edu.pe\/portal\/wp-content\/uploads\/2022\/12\/Galeria_01-1024x576.jpg\" class=\"attachment-large size-large wp-image-2280\" alt=\"\" srcset=\"https:\/\/iestpyunguyo.edu.pe\/portal\/wp-content\/uploads\/2022\/12\/Galeria_01-1024x576.jpg 1024w, https:\/\/iestpyunguyo.edu.pe\/portal\/wp-content\/uploads\/2022\/12\/Galeria_01-300x169.jpg 300w, https:\/\/iestpyunguyo.edu.pe\/portal\/wp-content\/uploads\/2022\/12\/Galeria_01-768x432.jpg 768w, https:\/\/iestpyunguyo.edu.pe\/portal\/wp-content\/uploads\/2022\/12\/Galeria_01.jpg 1280w\" sizes=\"auto, (max-width: 1024px) 100vw, 1024px\" \/>\t\t\t\t\t\t\t\t\t\t\t\t\t\t\t<\/div>\n\t\t\t\t<\/div>\n\t\t\t\t<div class=\"elementor-element elementor-element-5f0b05a elementor-invisible elementor-widget elementor-widget-heading\" data-id=\"5f0b05a\" data-element_type=\"widget\" data-settings=\"{&quot;_animation&quot;:&quot;fadeInRight&quot;}\" data-widget_type=\"heading.default\">\n\t\t\t\t<div class=\"elementor-widget-container\">\n\t\t\t<style>\/*! elementor - v3.9.2 - 21-12-2022 *\/\n.elementor-heading-title{padding:0;margin:0;line-height:1}.elementor-widget-heading .elementor-heading-title[class*=elementor-size-]>a{color:inherit;font-size:inherit;line-height:inherit}.elementor-widget-heading .elementor-heading-title.elementor-size-small{font-size:15px}.elementor-widget-heading .elementor-heading-title.elementor-size-medium{font-size:19px}.elementor-widget-heading .elementor-heading-title.elementor-size-large{font-size:29px}.elementor-widget-heading .elementor-heading-title.elementor-size-xl{font-size:39px}.elementor-widget-heading .elementor-heading-title.elementor-size-xxl{font-size:59px}<\/style><h2 class=\"elementor-heading-title elementor-size-default\">\u00c1rea Acad\u00e9mica<\/h2>\t\t<\/div>\n\t\t\t\t<\/div>\n\t\t\t\t<div class=\"elementor-element elementor-element-405cecc elementor-widget elementor-widget-text-editor\" data-id=\"405cecc\" data-element_type=\"widget\" data-widget_type=\"text-editor.default\">\n\t\t\t\t<div class=\"elementor-widget-container\">\n\t\t\t<style>\/*! elementor - v3.9.2 - 21-12-2022 *\/\n.elementor-widget-text-editor.elementor-drop-cap-view-stacked .elementor-drop-cap{background-color:#818a91;color:#fff}.elementor-widget-text-editor.elementor-drop-cap-view-framed .elementor-drop-cap{color:#818a91;border:3px solid;background-color:transparent}.elementor-widget-text-editor:not(.elementor-drop-cap-view-default) .elementor-drop-cap{margin-top:8px}.elementor-widget-text-editor:not(.elementor-drop-cap-view-default) .elementor-drop-cap-letter{width:1em;height:1em}.elementor-widget-text-editor .elementor-drop-cap{float:left;text-align:center;line-height:1;font-size:50px}.elementor-widget-text-editor .elementor-drop-cap-letter{display:inline-block}<\/style>\t\t\t\t<p>Es el \u00e1rea en el cual el instituto realiza sus funciones de docencia, investigaci\u00f3n y servicio. Su adecuada reglamentaci\u00f3n garantiza el cumplimiento de las funciones sustantivas del Instituto.<\/p>\t\t\t\t\t\t<\/div>\n\t\t\t\t<\/div>\n\t\t\t\t\t<\/div>\n\t\t<\/div>\n\t\t\t\t<div class=\"elementor-column elementor-col-50 elementor-top-column elementor-element elementor-element-16befbe\" data-id=\"16befbe\" data-element_type=\"column\">\n\t\t\t<div class=\"elementor-widget-wrap elementor-element-populated\">\n\t\t\t\t\t\t\t\t<div class=\"elementor-element elementor-element-2cd30a5 elementor-widget elementor-widget-image\" data-id=\"2cd30a5\" data-element_type=\"widget\" data-widget_type=\"image.default\">\n\t\t\t\t<div class=\"elementor-widget-container\">\n\t\t\t\t\t\t\t\t\t\t\t\t\t\t\t<img loading=\"lazy\" decoding=\"async\" width=\"1024\" height=\"576\" src=\"https:\/\/iestpyunguyo.edu.pe\/portal\/wp-content\/uploads\/2022\/12\/Galeria_01-1024x576.jpg\" class=\"attachment-large size-large wp-image-2280\" alt=\"\" srcset=\"https:\/\/iestpyunguyo.edu.pe\/portal\/wp-content\/uploads\/2022\/12\/Galeria_01-1024x576.jpg 1024w, https:\/\/iestpyunguyo.edu.pe\/portal\/wp-content\/uploads\/2022\/12\/Galeria_01-300x169.jpg 300w, https:\/\/iestpyunguyo.edu.pe\/portal\/wp-content\/uploads\/2022\/12\/Galeria_01-768x432.jpg 768w, https:\/\/iestpyunguyo.edu.pe\/portal\/wp-content\/uploads\/2022\/12\/Galeria_01.jpg 1280w\" sizes=\"auto, (max-width: 1024px) 100vw, 1024px\" \/>\t\t\t\t\t\t\t\t\t\t\t\t\t\t\t<\/div>\n\t\t\t\t<\/div>\n\t\t\t\t<div class=\"elementor-element elementor-element-89315f6 elementor-invisible elementor-widget elementor-widget-heading\" data-id=\"89315f6\" data-element_type=\"widget\" data-settings=\"{&quot;_animation&quot;:&quot;fadeInRight&quot;}\" data-widget_type=\"heading.default\">\n\t\t\t\t<div class=\"elementor-widget-container\">\n\t\t\t<h2 class=\"elementor-heading-title elementor-size-default\">\u00c1rea Administrativa<\/h2>\t\t<\/div>\n\t\t\t\t<\/div>\n\t\t\t\t<div class=\"elementor-element elementor-element-e28e688 elementor-widget elementor-widget-text-editor\" data-id=\"e28e688\" data-element_type=\"widget\" data-widget_type=\"text-editor.default\">\n\t\t\t\t<div class=\"elementor-widget-container\">\n\t\t\t\t\t\t\t<p>Es el \u00e1rea responsable de establecer las estrategias para la administraci\u00f3n, as\u00ed como la gesti\u00f3n y control de sus recursos financieros, materiales y las tecnolog\u00edas de informaci\u00f3n y comunicaciones.<\/p>\t\t\t\t\t\t<\/div>\n\t\t\t\t<\/div>\n\t\t\t\t\t<\/div>\n\t\t<\/div>\n\t\t\t\t\t\t\t<\/div>\n\t\t<\/section>\n\t\t\t\t\t\t\t<\/div>\n\t\t","protected":false},"excerpt":{"rendered":"<p class=\"tx-excerpt\">\u00c1rea Acad\u00e9mica Es el \u00e1rea en el cual el instituto realiza sus funciones de docencia, investigaci\u00f3n y servicio. Su adecuada reglamentaci\u00f3n garantiza el<div class=\"tx-read-more\"><a href=\"https:\/\/iestpyunguyo.edu.pe\/portal\/areas-y-unidades\/\">Seguir Leyendo<\/a><\/div>","protected":false},"author":1,"featured_media":0,"parent":0,"menu_order":0,"comment_status":"closed","ping_status":"closed","template":"elementor_header_footer","meta":{"footnotes":""},"class_list":["post-1946","page","type-page","status-publish","hentry"],"_links":{"self":[{"href":"https:\/\/iestpyunguyo.edu.pe\/portal\/wp-json\/wp\/v2\/pages\/1946","targetHints":{"allow":["GET"]}}],"collection":[{"href":"https:\/\/iestpyunguyo.edu.pe\/portal\/wp-json\/wp\/v2\/pages"}],"about":[{"href":"https:\/\/iestpyunguyo.edu.pe\/portal\/wp-json\/wp\/v2\/types\/page"}],"author":[{"embeddable":true,"href":"https:\/\/iestpyunguyo.edu.pe\/portal\/wp-json\/wp\/v2\/users\/1"}],"replies":[{"embeddable":true,"href":"https:\/\/iestpyunguyo.edu.pe\/portal\/wp-json\/wp\/v2\/comments?post=1946"}],"version-history":[{"count":0,"href":"https:\/\/iestpyunguyo.edu.pe\/portal\/wp-json\/wp\/v2\/pages\/1946\/revisions"}],"wp:attachment":[{"href":"https:\/\/iestpyunguyo.edu.pe\/portal\/wp-json\/wp\/v2\/media?parent=1946"}],"curies":[{"name":"wp","href":"https:\/\/api.w.org\/{rel}","templated":true}]}}